 What is the tens digit of g?
6
Suppose 3*l = -2*h - 81, 5*h + l = -40 - 169. What is the tens digit of (-57)/(7/2*9/h)?
7
What is the ten thousands digit of (-3826545)/(-105) - 1/(14/4)?
3
Let a be (-4 + 0 - -7) + (1 - -32). Suppose 2*n - a = -4*x, -5*n + x = -1 - 56. Suppose n*m - 138 = 11*m. What is the hundreds digit of m?
1
Suppose -4*z = -h + 682, -5*h + 0*z = -5*z - 3440. Suppose -3*w = 6, -u - 5*w - h = 4*u. Let r = -28 - u. What is the units digit of r?
8
Suppose -10*u + 3 = -37. Suppose 4*m - 7400 = -u*i, 2*m + 3*m = -2*i + 3712. What is the thousands digit of i?
1
Suppose z + 177331 = 4*q, -12*q - 5*z + 133050 = -9*q. What is the ten thousands digit of q?
4
Let z = -82 + 84. Suppose -2*c + z = -6, 3*a - 21 = -3*c. Suppose 51 = a*j - 72. What is the units digit of j?
1
What is the tens digit of 390/(-26) + 12/4 + 1074?
6
Let b(r) = 2865*r - 9. What is the hundreds digit of b(3)?
5
Suppose -w + 5*b = -5*w + 7, -b = -2*w - 7. Let f be w/(-11) - 128/(-22). Let j = -1 + f. What is the units digit of j?
5
Let m(r) = 57*r**2 + 4*r + 10. Let o be m(-4). Suppose 3*f - o = -21. What is the units digit of f?
5
Let i(n) be the first derivative of -3*n**4/8 - 6*n**3 - 15*n**2 - 19. Let v(c) be the second derivative of i(c). What is the units digit of v(-19)?
5
Let g(d) = -d**3 + 20*d**2 + 61*d - 163. What is the hundreds digit of g(18)?
5
Suppose 83*k + 173*k = 2692096. What is the units digit of k?
6
Suppose 0 = -3*b - 5*y + 70463, -56*y + 55*y + 70471 = 3*b. What is the tens digit of b?
9
Let n(v) = 4*v**2 - 9*v + 4164. What is the thousands digit of n(-62)?
0
Suppose 0*n + 10 = n. Suppose 11*r = n*r + 6. Suppose r*k + 548 = 10*k. What is the units digit of k?
7
Let k(h) = 11*h**3 + 3*h**2 + 6*h - 5. Let y(x) = -10*x**3 - 3*x**2 - 7*x + 6. Let u(o) = -5*k(o) - 4*y(o). What is the tens digit of u(-2)?
1
Let a(h) = 4*h + 38. Let m be a(-5). Suppose m*x - 2553 = 669. What is the tens digit of x?
7
Let t be 1611/27 - 1/(-3). Suppose t = 23*h - 13*h. What is the units digit of 3/(1*h/332)?
6
Suppose 4*y - 2*d = 24840, 71*d - 70*d + 18629 = 3*y. What is the tens digit of y?
0
Let i = 15 + 182. Suppose h = -2*n + 2*h + i, -3*n = 3*h - 309. What is the units digit of n?
0
Let a(b) = 62*b**3 + 7*b**2 - 44*b + 63. What is the hundreds digit of a(9)?
4
Let y be 10*(1419/(-1320) + (-1)/8). What is the units digit of (6150/y)/(1/(-2))?
5
Suppose 0 = 4*w + 4*t, -5*t - 21 = -2*w - 0*w. Let p = -597 + 685. Suppose w*o - p = -o. What is the units digit of o?
2
Let o be 138/(-161)*(-7)/2. Suppose 0*p = -2*p + 4*s + 1074, -3*s - 1602 = -o*p. What is the tens digit of p?
3
Let z(h) = h**3 + 51*h**2 - 71*h + 487. What is the units digit of z(-25)?
2
Suppose -5*y + 38746 = 5*f - 21829, -5*f = y - 12119. What is the thousands digit of y?
2
Let x(v) = v**2 + 38*v - 37. Let c be x(-39). What is the units digit of (-3 + c)*(-3 - (4 + 21))?
8
Suppose 7*o - 6*o - 105 = 0. Suppose v = 28 + o. What is the units digit of v?
3
What is the hundreds digit of 136/((-1)/(-5)*580/16414)?
2
Suppose f + 16092 = j, -5*f = 4*j - 36731 - 27664. What is the units digit of j?
5
Suppose -5*u = -5*q + 360, -22 - 347 = 5*u + 4*q. Let h = -58 - u. What is the units digit of 1*636/10 + (-9)/h?
3
Let q = -35 + 40. Suppose -h - 8 = 3*l - 0*l, -q*h = 5*l. Suppose -h = -3*t + 17. What is the units digit of t?
7
Let m(a) = -167*a - 41. Let l be m(6). Let v be 2*(l/2)/(-7). Suppose -6*y - v + 1379 = 0. What is the hundreds digit of y?
2
Let b = 38349 - -28900. What is the tens digit of b?
4
Suppose 20*f - 34 = 26. Suppose -7*m + 3*m + f*v + 222 = 0, v + 164 = 3*m. What is the units digit of m?
4
Suppose -14*b = -9*b - 21510. What is the units digit of b?
2
Suppose x - 4*v - 4 = 0, -6*x - 10 = -x - 5*v. What is the tens digit of (550/6 - x) + 2/(-3)?
9
Let d be (8/10)/((-16)/(-40)). Suppose 5*u + 610 = 4*w, 3*w - u - 459 = d*u. What is the units digit of w?
5
Let t = 147 - 147. Suppose t = 46*q - 45154 - 13450. What is the tens digit of q?
7
Suppose -173 = -3*f - 23. Suppose -5*h = -d - 50, 5*h + 3*d - f = d. Suppose 14*w - 176 = h*w. What is the units digit of w?
4
Suppose 9*q + 81*q = -8*q + 119168. What is the units digit of q?
6
Let r(u) = u**2 + 9*u + 3. Let x be r(-6). Let k = x - -353. Suppose 9*q - k - 418 = 0. What is the units digit of q?
4
Let f = 74392 - 45629. What is the thousands digit of f?
8
Let x(i) = 2*i**2 + 2*i + 8. Let z(b) = b**3 - 12*b**2 + 20*b - 11. Let t be z(10). What is the hundreds digit of x(t)?
2
Let l be -591 - -1 - (0 + 2 + 0). What is the units digit of l/(-10)*(75/(-10))/(-3)?
8
Suppose -5*z = -2*t - 2*t + 183, -2*t + 5*z + 99 = 0. What is the units digit of t/(-7) - 1*-20?
4
Let b be (80/(-6))/(136/(-8364)). Let z = 1149 - b. What is the hundreds digit of z?
3
Let m be (-505)/15 + (3 - (-12)/(-9)). What is the hundreds digit of 6/8 - 4/m*1778?
2
Let h(z) = z**2 - 16*z + 52. Suppose 2*n = 8 - 4, 4*y = -3*n + 70. What is the units digit of h(y)?
2
Suppose -301*d + 3*p + 3267 = -300*d, -4*d - 4*p = -13004. What is the units digit of d?
5
Suppose 126*z = 581726 + 9466. What is the tens digit of z?
9
Let z(i) = -83*i**2 - 16*i + 13. Let b be z(-7). What is the hundreds digit of (19/(855/b))/((-3)/50)?
4
Let a = 10256 + -4718. Suppose -10*o - 3*o + a = 0. Let h = -288 + o. What is the hundreds digit of h?
1
Let c = 29145 - 19870. What is the thousands digit of c?
9
Suppose -22*x + 20*x = -2032. Suppose -4*v + x = 4*v. Let y = v + 25. What is the units digit of y?
2
Let i be (7/(-2))/((-5)/(-10)). Let u be 168 + i + 6/2. Suppose -2*x + 62 = -u. What is the units digit of x?
3
Let u(d) be the third derivative of -d**6/120 - 7*d**5/30 - 7*d**4/12 + 7*d**3/6 - 38*d**2. Let h be u(-12). Let t = 104 - h. What is the tens digit of t?
1
Suppose 0 = -2*d + 57 + 97. Let y(b) = 60*b - 353. Let o be y(6). Suppose -o*z + 0*z + d = 0. What is the tens digit of z?
1
Let w(k) = 3837*k - 9299. What is the ten thousands digit of w(17)?
5
Let k be (98/7)/((-1)/(-527)). Suppose 23*h + 8*h = k. What is the hundreds digit of h?
2
Let i(r) = -2*r**2 - 23*r + 9. Let y be i(-13). Let j be (2/(-4))/(3/y). Suppose 22 = -j*d + 2, -3*f + 314 = -5*d. What is the units digit of f?
8
Let b(m) = -10*m - 54. Let u be b(-9). Let q = u - 27. Suppose q*n + n = 1580. What is the units digit of n?
8
Suppose 419*k = 412*k + 499149. What is the hundreds digit of k?
3
What is the tens digit of 6 - 11 - (-6279)/21?
9
Let f(k) = 86*k**2 - 138*k + 90. What is the ten thousands digit of f(20)?
3
Suppose -4 + 31 = 9*i. Suppose 26*y - i = 29*y. What is the hundreds digit of -5 + 234 + 3 + (y - 2)?
2
What is the units digit of ((-2)/2)/(157/(-3144239))?
7
What is the units digit of ((-4)/(-3))/((-240)/(-632160))?
2
Suppose 2*p + 8 = 2*o, 4 = 5*o - p - 0*p. Suppose -2*u - 3*k + 266 = -u, 2*u + 4*k - 540 = o. What is the units digit of u?
8
Suppose 0*o - 189 = -3*o. Let i = 89 - o. Let r = i - 17. What is the units digit of r?
9
Let f = -9530 - -63899. What is the tens digit of f?
6
Let o(t) = 4*t**2 + 6*t - 76. Let v be 2/4 - ((-85)/10 + -2). Let f(c) = 7*c**2 + 11*c - 151. Let k(b) = v*o(b) - 6*f(b). What is the tens digit of k(0)?
7
Let r = 44152 + -36894. What is the thousands digit of r?
7
Suppose -5*x + 37 = 27. Suppose x*f - 278 = 234. What is the units digit of f?
6
Let r = 215 - 223. Let j(s) = s**3 + 11*s**2 + 12*s + 9. What is the tens digit of j(r)?
0
Let m(d) = -d**2 + d - 1. Let u(w) = -35*w**2 + 10*w - 14. Let i(h) = 3*m(h) - u(h). What is the units digit of i(2)?
5
Let v = 8594 - 8623. Let g = 36 + 13. Let c = g + v. What is the units digit of c?
0
Let d be (-2 + 3/(-4)*-4)*-17. Let l = -15 - d. Suppose 85 = 5*p + 2*t, 2*p - l*t - 28 = 6. What is the units digit of p?
7
Let v = 139 + -74. Suppose 5*o - v = 2*s - 9, 4*s + 42 = 3*o. Suppose -o*k + 6*k + 56 = 0. What is the tens digit of k?
1
Let q = 2858 - -303. What is the thousands digit of q?
3
Let h(t) = 201*t**3 + 3*t**2 - 3*t - 2. Let n be h(2). Suppose -1640 = -4*b - 3*p, 4*b + p - n = 5*p. What is the units digit of b?
7
Suppose -48290 = -2*m - 4*i, 0*i + 3*i = 12. What is the ten thousands digit of m?
2
Suppose 5*h = -4*d + 14, 3*d - 4*h - 20 = d. Suppose -62 = -d*w + 382. Let l = 161 - w. What is the units digit of l?
7
Suppose 0 = l - 3*n